0*n**2. Let q be ((-5)/(-4))/5*-4. Determine g(q).
10
Let r(b) be the first derivative of b**6/360 - b**5/60 - b**4/6 + b**3/3 - 1. Let x(p) be the third derivative of r(p). Suppose -6 = -0*u - 2*u. Give x(u).
-1
Let u(h) be the second derivative of h**5/20 - h**4/4 - h**3/2 + 3*h**2 - 5*h. Give u(4).
10
Let k(q) = 4*q**2 + 3*q - 2. Let v(t) = 5*t**2 + 4*t - 3. Let h(j) = 6*k(j) - 5*v(j). Calculate h(-4).
-5
Let s(k) = -1 - 80*k - 2*k**2 + 75*k + k**2. Calculate s(-6).
-7
Let r be (-4)/((-7)/((-70)/4)). Let k(g) = -g**2 - 9*g + 11. Give k(r).
1
Let x be 2/(-2) - 3*-1. Let v(n) = -2 + 6 - x - n**2 + 0. Determine v(-3).
-7
Let o(l) = -2*l - 4. Let m(k) = -k - 2. Let a(j) = 5*m(j) - 3*o(j). Let r(b) = 2*b + 3. Let h be ((-2)/(-1))/(4/(-6)). Let v(x) = h*r(x) + 7*a(x). Give v(0).
5
Let v(o) be the first derivative of 3*o**2/2 - o + 10. What is v(2)?
5
Let b(p) = -p - 1. Let d(m) = -1 + 5 - 2 + 3*m. Let n be d(5). Let j = 12 - n. Give b(j).
4
Let u(i) = i**2 + 3*i - 4. Let x be (8/24)/((-1)/15). Let f be 2/x*10/1. Let s be u(f). Let z(l) = l. What is z(s)?
0
Let c(v) be the third derivative of -v**6/120 - 7*v**5/60 - v**4/4 - v**2. Calculate c(-6).
0
Let v(b) = b + 9. Let x be -8 - (-6 + 1 + 5). Determine v(x).
1
Let l(h) = h**3 + 6*h**2 + 1. Let k(q) = -3*q. Suppose 3*v - 9 + 3 = 0. Let y be k(v). What is l(y)?
1
Let s(m) be the second derivative of -1/4*m**4 + 0 + 0*m**3 - 1/20*m**5 - 3*m + m**2. Suppose 0 = 5*r - 5*v + 25, -3*v - 2 = 4*r - 3. Determine s(r).
-2
Suppose 95 = 5*a + 4*l, -4 = 4*a + l - 69. Suppose -6*h = -11*h - a. Let u(s) = s**2 + s + 2. What is u(h)?
8
Let w(g) be the first derivative of -g**4 + 7*g**3/3 - g**2/2 + 7*g + 1. Let b(a) = -11*a**3 + 20*a**2 - 2*a + 21. Let k(m) = -3*b(m) + 8*w(m). Determine k(5).
8
Let v(d) = -3*d - 4 - 4*d + 5*d. What is v(3)?
-10
Let h = 7 + -5. Suppose -3 = 3*x, 4*o = -x - 7 - h. Let y(q) be the third derivative of -5*q**4/24 - q**3/2 + q**2. Calculate y(o).
7
Suppose 6 = h - 3*h. Let j = h + 2. Let z(t) = 13*t. Give z(j).
-13
Let n(b) = 2*b + 2*b**3 + 0*b**2 + 2*b**2 + 0*b**2 + 3. Let m(d) = d - 6. Let q be m(-6). Let i = q - -10. What is n(i)?
-9
Let h(w) = w**3 + 7*w**2 + 10*w + 6. Let o be h(-5). Let i(j) = j - 7. Calculate i(o).
-1
Let u(g) be the third derivative of g**6/120 - g**5/12 - 5*g**4/24 - g**3/3 - 3*g**2. What is u(6)?
4
Let w = -6 + 9. Suppose 5*x - w*m = 8 + 14, 3*m = -12. Let d(s) be the second derivative of -s**4/6 + s**3/2 - s. Determine d(x).
-2
Let b(q) = q**3 - q**2 + q + 6. Let k(c) = 0*c + 0 - 6 + c. Let t be k(6). Suppose r + r = t. Give b(r).
6
Let m(h) = h**3 - 5*h**2 - 6*h - 2. Suppose -1 + 7 = 2*d. Suppose 0 = -d*r + 5*r - 12. Determine m(r).
-2
Let h(q) = -2*q**2 - 2*q + 1. Let y be (-1 + (-22)/(-10))/((-50)/125). Determine h(y).
-11
Let b(f) = -3*f. Let u be b(-1). Let x(t) be the first derivative of t**4/4 - t**3/3 - 2*t**2 + t + 4. What is x(u)?
7
Let w be (4/12)/((-1)/(-9)). Suppose -w = -3*m - 0*m. Let z(b) = -5*b**3 + b**2 - 2*b + 1. Calculate z(m).
-5
Let k(l) = -l**3 - l**2 + l + 1. Let o = 0 - 0. Suppose -s + 15 = 4*s. Suppose o*f = s*f. What is k(f)?
1
Let t(k) = -12*k**3 - k**2 + k. Let v(w) = -w**2 + 5*w + 1. Let s = -15 - -25. Let j = s - 5. Let l be v(j). Determine t(l).
-12
Suppose 22 = 4*a - 3*c, 2*a - 3*c - 12 = 2. Suppose -g - 18 = -a*g. Let y(z) = z**3 - 6*z**2 - z + 4. What is y(g)?
-2
Suppose 28 = -c + 3*c. Suppose -3*u - 17 = -4*y + 5, -3*y = -u - c. Let r = u + -1. Let g(q) = 2*q - 4. Give g(r).
-10
Let q(d) = -d**2 + 10*d - 17. Let t be q(8). Let w(p) = -4*p + 6*p**2 - 2*p + 5*p + 2*p. What is w(t)?
5
Let w be 1*1*(2 + -1). Let c(z) = 3*z**3 - z. Let l be c(w). Let j(x) = 88 - 88 - x. What is j(l)?
-2
Let f(a) = 3*a - 2. Let g(c) = 2*c - 1. Let y(u) = 3*f(u) - 5*g(u). Determine y(4).
-5
Let q be (-4)/(-16) - (-44)/16. Let m(p) = p**3 - 4*p**2 + 3*p - 3. Determine m(q).
-3
Let o(s) = 2*s - 6. Let f = 8 - 12. Let p be 105/(-10)*f/3. Let x = p - 9. What is o(x)?
4
Let u(g) = g**3 + 6*g**2 + 2*g - 2. Let k(p) = p**3 + 7*p**2 - 2*p - 7. Let i be k(-7). Suppose 2*o - 30 = i*o. Give u(o).
-14
Let y(c) = -c**3 + 5*c**2 - 5*c + 2. Let b be y(3). Suppose -b*g + 3*h = 5*h - 15, -3*g - 10 = 5*h. Let q(u) = 2*u**2 - 8*u + 3. Determine q(g).
13
Let k(a) = 5 + 6*a - 7*a + 2*a. Determine k(5).
10
Let m(w) = -4*w**2 - w - 1. Let u(n) = -5*n**2 - n. Let h(p) = -6*m(p) + 5*u(p). Calculate h(0).
6
Let h(l) = 6*l**2 + 2*l - 1. Let f(b) = -b**2. Let c(y) = -f(y) + h(y). What is c(1)?
8
Let p(h) = -4*h + 2*h + 5 - 2*h - h**2. Suppose -4*z = -2 + 50. Let i = z + 7. Determine p(i).
0
Let g be ((-4)/10)/(2/(-10)). Let u = -2 - -4. Let p(d) = u - 5 + 0*d**g + d**2. What is p(3)?
6
Suppose 4*n - 11 = -n + z, 0 = 4*n + 5*z - 32. Let k(g) be the third derivative of -g**6/120 + g**5/20 + g**4/8 - 2*g**3/3 + 15*g**2. What is k(n)?
5
Let v(z) = z**2 - 4*z + 6. Let h(o) = -5*o**2 + 15*o - 24. Let b(n) = 2*h(n) + 9*v(n). What is b(-6)?
6
Let k(a) = -a - 4. Let f = 19 + -12. Suppose -15 = -f*v + 2*v. What is k(v)?
-7
Let l(m) be the first derivative of -m**3/3 + 5*m**2/2 + 7*m - 23. What is l(8)?
-17
Let l(d) = -d**2 - 5*d - 3. Let m(t) = -t**3 - 5*t**2 + t. Let a be m(-5). What is l(a)?
-3
Let q(d) = 2*d**3 + d**2 - 3*d - 2. Let w be (12/14)/(3/21). Suppose 4 = -w*t + 4*t. Give q(t).
-8
Suppose -5*g + 5*j + 16 + 24 = 0, 5*j = g - 12. Let v(h) = 7*h + 7*h**2 - 3 + h**2 - 3. Let o(a) = -7*a**2 - 7*a + 5. Let q(n) = g*o(n) + 6*v(n). Give q(-6).
5
Let v = 23 + -11. Suppose -5*r + v = -r. Let g(z) = -3*z**2 - 4*z + 5. Let k(x) = 2*x**2 + 4*x - 4. Let s(a) = 4*g(a) + 5*k(a). Give s(r).
-6
Let z(m) = 2*m. Let k(v) = v. Let a(j) = -9*k(j) + 4*z(j). Determine a(5).
-5
Suppose 5*n + 3*s - 2 = -7, 0 = 2*n - 3*s + 23. Let c(y) = -y**2 - 5*y - 3. Calculate c(n).
1
Let d(l) = l**2 + l - 1. Let j = 8 - 16. Let o be 2/4*(4 + j). Determine d(o).
1
Let y(b) = -3*b + b**2 - 6 - 2*b**2 + 3. Calculate y(-4).
-7
Let v(l) = -6*l - 1. Let j(u) be the third derivative of u**5/60 + 7*u**4/24 + 5*u**3/6 - 4*u**2. Let a be j(-6). Calculate v(a).
5
Let u(h) = -2 + 0*h + 8 - 1 - h**2 - 3*h. Let n be u(-5). Let j(f) = -f**2 - 5*f + 4. Give j(n).
4
Let f(v) be the second derivative of v**4/12 - v**3 + v**2 - v. Let j = -2 - -6. What is f(j)?
-6
Let j be 8 - (3 - 1) - -3. Let m(l) = 7*l - 2*l - j + 3. Let u(f) = f - 1. Let z(w) = m(w) - 6*u(w). Calculate z(-3).
3
Let d(y) = -13*y**3 - y - 1. Let u = -3 + 2. Give d(u).
13
Let z be 1 - (1 - -1)/((-6)/3). Let i(n) be the first derivative of 1/2*n**z - 3 + 4*n. Calculate i(0).
4
Let u be (1 - 1) + 0 - 56/(-8). Let f(y) = -y**2 + 6*y + 8. Determine f(u).
1
Let w(r) = 2*r**3 + 2*r + 0*r**3 - 2 + 3*r - 5*r**2 + 0*r. Let q(k) = -6*k - 2 + 3 + 3*k - k**3 + 3*k**2. Let x(t) = 5*q(t) + 2*w(t). Give x(4).
-3
Let s(b) = -b + 4*b - 13 - b. Let k = 14 + -8. Let r(p) = p - 7. Let o(m) = k*s(m) - 11*r(m). What is o(5)?
4
Let u(a) = a**3 - a**2 - a + 1. Suppose -19*i + 15*i + 4 = 0. What is u(i)?
0
Let c(z) = -4 + z + 1 - 2*z. Let p(k) = 3*k**3 - 29*k**2 - 8*k - 22. Let n be p(10). Calculate c(n).
-1
Suppose -5*o + 26 = 3*f, 3*f - o = -f + 4. Let r(w) = w - 1 + 5 + 6*w - 2*w + w**f. What is r(-3)?
-2
Let b(h) = -4*h + 4 - 2 - h**2 - 1 + 0. What is b(-4)?
1
Suppose 3*r = 4*r + 2*x + 7, 3*r + 5*x + 19 = 0. Let f(v) = 6*v + 1 + v**2 - 3*v - 5. What is f(r)?
-4
Let w(z) = -z**3 - 5*z**2 - 2*z + 3. Suppose -r = -2*r - 18. Let b be (0 + -2)*r/(-12). Calculate w(b).
-9
Let w = 4 - 2. Suppose 5*r - 3*x = 3, -r + w*x = 4*r - 7. Let v(c) = 2 - r*c + 4*c + 0*c. Calculate v(-4).
-2
Let h(a) be the first derivative of -a**4/12 + a**3/3 + a**2 - 2. Let m(c) be the second derivative of h(c). Let t = -16 - -19. What is m(t)?
-4
Let n(r) = -r**2 + 6*r - 2. Let b be 2 + 3/3 + 2. Suppose -b*k - 23 = 2. Let f(x) = 2*x**2 - 13*x + 3. Let h(d) = k*n(d) - 2*f(d). Calculate h(4).
4
Let t = -9 + 7. Let s(n) = 3*n**3 + n**3 - 5*n**3 - 2 + n. Calculate s(t).
4
Let k(x) = -3*x + 5 + 0*x + x**3 + x**2 - 13 + 9. Determine k(-3).
-8
Let n(o) = 2*o**3 + 2*o**2 - 1. Let d(w) = -w**3 - w**2. Let p(k) = -3*d(k) - n(k). Let v = 26 + -28. Give p(v).
-3
Suppose 2*u = -i + 16, -5*u + 12 + 26 = 2*i. Let g(j) = 2*j + 0*j - j**3 - j + 5*j**2 - u. Determine g(5).
-1
Let o(t) be the second derivative of -t**5/20 +